{"id":42,"date":"2019-10-28T18:31:54","date_gmt":"2019-10-28T17:31:54","guid":{"rendered":"https:\/\/trialversicherung.de\/?page_id=42"},"modified":"2025-05-13T22:27:30","modified_gmt":"2025-05-13T21:27:30","slug":"ueber-mich","status":"publish","type":"page","link":"https:\/\/trialversicherung.de\/index.php\/ueber-mich\/","title":{"rendered":"\u00fcber mich"},"content":{"rendered":"<div class=\"fusion-fullwidth fullwidth-box fusion-builder-row-1 nonhundred-percent-fullwidth non-hundred-percent-height-scrolling\" style=\"--awb-border-radius-top-left:0px;--awb-border-radius-top-right:0px;--awb-border-radius-bottom-right:0px;--awb-border-radius-bottom-left:0px;--awb-flex-wrap:wrap;\" ><div class=\"fusion-builder-row fusion-row\"><div class=\"fusion-layout-column fusion_builder_column fusion-builder-column-0 fusion_builder_column_1_1 1_1 fusion-one-full fusion-column-first fusion-column-last\" style=\"--awb-bg-size:cover;\"><div class=\"fusion-column-wrapper fusion-column-has-shadow fusion-flex-column-wrapper-legacy\"><div class=\"fusion-title title fusion-title-1 fusion-title-center fusion-title-text fusion-title-size-one\"><div class=\"title-sep-container title-sep-container-left\"><div class=\"title-sep sep-double sep-solid\" style=\"border-color:#e0dede;\"><\/div><\/div><span class=\"awb-title-spacer\"><\/span><h1 class=\"fusion-title-heading title-heading-center\" style=\"margin:0;\">\u00fcber mich<\/h1><span class=\"awb-title-spacer\"><\/span><div class=\"title-sep-container title-sep-container-right\"><div class=\"title-sep sep-double sep-solid\" style=\"border-color:#e0dede;\"><\/div><\/div><\/div><div class=\"fusion-text fusion-text-1\"><p style=\"text-align: center;\">Mein Name ist Sven Gerber und ich bin seit fast 20 Jahren Versicherungsmakler.<\/p>\n<p style=\"text-align: center;\">Mein Hobby ist schon immer Motorradfahren. Seit 2017 fahre ich auch Motorradtrial bei meinem Heimatverein MSC Thalheim. Dort trainiere ich so oft es geht und fahre auch L\u00e4ufe zur Ostdeutschen Trialmeisterschaft mit.<\/p>\n<p style=\"text-align: center;\">Leider wurde mir 2019 die Garage aufgebrochen und es wurden 3 Trialmotorr\u00e4der entwendet. Zum Gl\u00fcck war ich gut versichert und kann meinen Lieblingssport weiter aus\u00fcben. Deshalb ist es mir wichtig dieses Wissen um die richtigen Versicherungen an alle interessierten Sportfreunden weiterzugeben.<\/p>\n<\/div><div class=\"awb-gallery-wrapper awb-gallery-wrapper-1 button-span-no\" style=\"--more-btn-alignment:center;\" data-limit=\"4\" data-page=\"1\"><div style=\"margin:-5px;--awb-bordersize:0px;\" class=\"fusion-gallery fusion-gallery-container fusion-grid-3 fusion-columns-total-4 fusion-gallery-layout-grid fusion-gallery-1\"><div style=\"padding:5px;\" class=\"fusion-grid-column fusion-gallery-column fusion-gallery-column-3 hover-type-none\"><div class=\"fusion-gallery-image\"><a href=\"https:\/\/trialversicherung.de\/wp-content\/uploads\/2019\/10\/Bildkarteneu.jpg\" rel=\"noreferrer\" data-rel=\"iLightbox[gallery_image_1]\" class=\"fusion-lightbox\" target=\"_self\"><img decoding=\"async\" src=\"https:\/\/trialversicherung.de\/wp-content\/uploads\/2019\/10\/Bildkarteneu.jpg\" width=\"1671\" height=\"1937\" alt=\"\" title=\"Bildkarteneu\" aria-label=\"Bildkarteneu\" class=\"img-responsive wp-image-91\" srcset=\"https:\/\/trialversicherung.de\/wp-content\/uploads\/2019\/10\/Bildkarteneu-200x232.jpg 200w, https:\/\/trialversicherung.de\/wp-content\/uploads\/2019\/10\/Bildkarteneu-400x464.jpg 400w, https:\/\/trialversicherung.de\/wp-content\/uploads\/2019\/10\/Bildkarteneu-600x696.jpg 600w, https:\/\/trialversicherung.de\/wp-content\/uploads\/2019\/10\/Bildkarteneu-800x927.jpg 800w, https:\/\/trialversicherung.de\/wp-content\/uploads\/2019\/10\/Bildkarteneu-1200x1391.jpg 1200w, https:\/\/trialversicherung.de\/wp-content\/uploads\/2019\/10\/Bildkarteneu.jpg 1671w\" sizes=\"(min-width: 2200px) 100vw, (min-width: 784px) 363px, (min-width: 712px) 545px, (min-width: 640px) 712px, \" \/><\/a><\/div><\/div><div style=\"padding:5px;\" class=\"fusion-grid-column fusion-gallery-column fusion-gallery-column-3 hover-type-none\"><div class=\"fusion-gallery-image\"><a href=\"https:\/\/trialversicherung.de\/wp-content\/uploads\/2025\/05\/IMG-20250513-WA0000.jpg\" rel=\"noreferrer\" data-rel=\"iLightbox[gallery_image_1]\" class=\"fusion-lightbox\" target=\"_self\"><img decoding=\"async\" src=\"https:\/\/trialversicherung.de\/wp-content\/uploads\/2025\/05\/IMG-20250513-WA0000.jpg\" width=\"1071\" height=\"1600\" alt=\"\" title=\"IMG-20250513-WA0000\" aria-label=\"IMG-20250513-WA0000\" class=\"img-responsive wp-image-143\" srcset=\"https:\/\/trialversicherung.de\/wp-content\/uploads\/2025\/05\/IMG-20250513-WA0000-200x299.jpg 200w, https:\/\/trialversicherung.de\/wp-content\/uploads\/2025\/05\/IMG-20250513-WA0000-400x598.jpg 400w, https:\/\/trialversicherung.de\/wp-content\/uploads\/2025\/05\/IMG-20250513-WA0000-600x896.jpg 600w, https:\/\/trialversicherung.de\/wp-content\/uploads\/2025\/05\/IMG-20250513-WA0000-800x1195.jpg 800w, https:\/\/trialversicherung.de\/wp-content\/uploads\/2025\/05\/IMG-20250513-WA0000.jpg 1071w\" sizes=\"(min-width: 2200px) 100vw, (min-width: 784px) 363px, (min-width: 712px) 545px, (min-width: 640px) 712px, \" \/><\/a><\/div><\/div><div style=\"padding:5px;\" class=\"fusion-grid-column fusion-gallery-column fusion-gallery-column-3 hover-type-none\"><div class=\"fusion-gallery-image\"><a href=\"https:\/\/trialversicherung.de\/wp-content\/uploads\/2025\/05\/IMG-20250513-WA0001.jpg\" rel=\"noreferrer\" data-rel=\"iLightbox[gallery_image_1]\" class=\"fusion-lightbox\" target=\"_self\"><img decoding=\"async\" src=\"https:\/\/trialversicherung.de\/wp-content\/uploads\/2025\/05\/IMG-20250513-WA0001.jpg\" width=\"738\" height=\"1600\" alt=\"\" title=\"IMG-20250513-WA0001\" aria-label=\"IMG-20250513-WA0001\" class=\"img-responsive wp-image-144\" srcset=\"https:\/\/trialversicherung.de\/wp-content\/uploads\/2025\/05\/IMG-20250513-WA0001-200x434.jpg 200w, https:\/\/trialversicherung.de\/wp-content\/uploads\/2025\/05\/IMG-20250513-WA0001-400x867.jpg 400w, https:\/\/trialversicherung.de\/wp-content\/uploads\/2025\/05\/IMG-20250513-WA0001-600x1301.jpg 600w, https:\/\/trialversicherung.de\/wp-content\/uploads\/2025\/05\/IMG-20250513-WA0001.jpg 738w\" sizes=\"(min-width: 2200px) 100vw, (min-width: 784px) 363px, (min-width: 712px) 545px, (min-width: 640px) 712px, \" \/><\/a><\/div><\/div><div class=\"clearfix\"><\/div><div style=\"padding:5px;\" class=\"fusion-grid-column fusion-gallery-column fusion-gallery-column-3 hover-type-none\"><div class=\"fusion-gallery-image\"><a href=\"https:\/\/trialversicherung.de\/wp-content\/uploads\/2020\/08\/ich-trial.jpg\" rel=\"noreferrer\" data-rel=\"iLightbox[gallery_image_1]\" class=\"fusion-lightbox\" target=\"_self\"><img decoding=\"async\" src=\"https:\/\/trialversicherung.de\/wp-content\/uploads\/2020\/08\/ich-trial.jpg\" width=\"700\" height=\"467\" alt=\"\" title=\"ich trial\" aria-label=\"ich trial\" class=\"img-responsive wp-image-132\" srcset=\"https:\/\/trialversicherung.de\/wp-content\/uploads\/2020\/08\/ich-trial-200x133.jpg 200w, https:\/\/trialversicherung.de\/wp-content\/uploads\/2020\/08\/ich-trial-400x267.jpg 400w, https:\/\/trialversicherung.de\/wp-content\/uploads\/2020\/08\/ich-trial-600x400.jpg 600w, https:\/\/trialversicherung.de\/wp-content\/uploads\/2020\/08\/ich-trial.jpg 700w\" sizes=\"(min-width: 2200px) 100vw, (min-width: 784px) 363px, (min-width: 712px) 545px, (min-width: 640px) 712px, \" \/><\/a><\/div><\/div><\/div><\/div><div class=\"fusion-clearfix\"><\/div><\/div><\/div><\/div><\/div>\n","protected":false},"excerpt":{"rendered":"","protected":false},"author":1,"featured_media":0,"parent":0,"menu_order":0,"comment_status":"closed","ping_status":"closed","template":"","meta":{"footnotes":""},"class_list":["post-42","page","type-page","status-publish","hentry"],"yoast_head":"<!-- This site is optimized with the Yoast SEO plugin v27.5 - https:\/\/yoast.com\/product\/yoast-seo-wordpress\/ -->\n<title>\u00fcber mich - Trial-Versicherung<\/title>\n<meta name=\"robots\" content=\"index, follow, max-snippet:-1, max-image-preview:large, max-video-preview:-1\" \/>\n<link rel=\"canonical\" href=\"https:\/\/trialversicherung.de\/index.php\/ueber-mich\/\" \/>\n<meta property=\"og:locale\" content=\"de_DE\" \/>\n<meta property=\"og:type\" content=\"article\" \/>\n<meta property=\"og:title\" content=\"\u00fcber mich - Trial-Versicherung\" \/>\n<meta property=\"og:url\" content=\"https:\/\/trialversicherung.de\/index.php\/ueber-mich\/\" \/>\n<meta property=\"og:site_name\" content=\"Trial-Versicherung\" \/>\n<meta property=\"article:modified_time\" content=\"2025-05-13T21:27:30+00:00\" \/>\n<meta name=\"twitter:card\" content=\"summary_large_image\" \/>\n<meta name=\"twitter:label1\" content=\"Gesch\u00e4tzte Lesezeit\" \/>\n\t<meta name=\"twitter:data1\" content=\"2\u00a0Minuten\" \/>\n<script type=\"application\/ld+json\" class=\"yoast-schema-graph\">{\"@context\":\"https:\\\/\\\/schema.org\",\"@graph\":[{\"@type\":\"WebPage\",\"@id\":\"https:\\\/\\\/trialversicherung.de\\\/index.php\\\/ueber-mich\\\/\",\"url\":\"https:\\\/\\\/trialversicherung.de\\\/index.php\\\/ueber-mich\\\/\",\"name\":\"\u00fcber mich - Trial-Versicherung\",\"isPartOf\":{\"@id\":\"https:\\\/\\\/trialversicherung.de\\\/#website\"},\"datePublished\":\"2019-10-28T17:31:54+00:00\",\"dateModified\":\"2025-05-13T21:27:30+00:00\",\"breadcrumb\":{\"@id\":\"https:\\\/\\\/trialversicherung.de\\\/index.php\\\/ueber-mich\\\/#breadcrumb\"},\"inLanguage\":\"de\",\"potentialAction\":[{\"@type\":\"ReadAction\",\"target\":[\"https:\\\/\\\/trialversicherung.de\\\/index.php\\\/ueber-mich\\\/\"]}]},{\"@type\":\"BreadcrumbList\",\"@id\":\"https:\\\/\\\/trialversicherung.de\\\/index.php\\\/ueber-mich\\\/#breadcrumb\",\"itemListElement\":[{\"@type\":\"ListItem\",\"position\":1,\"name\":\"Startseite\",\"item\":\"https:\\\/\\\/trialversicherung.de\\\/\"},{\"@type\":\"ListItem\",\"position\":2,\"name\":\"\u00fcber mich\"}]},{\"@type\":\"WebSite\",\"@id\":\"https:\\\/\\\/trialversicherung.de\\\/#website\",\"url\":\"https:\\\/\\\/trialversicherung.de\\\/\",\"name\":\"Trial-Versicherung\",\"description\":\"Der Versicherungs-Partner f\u00fcr Unfall und Diebstahl im Motorsport\",\"potentialAction\":[{\"@type\":\"SearchAction\",\"target\":{\"@type\":\"EntryPoint\",\"urlTemplate\":\"https:\\\/\\\/trialversicherung.de\\\/?s={search_term_string}\"},\"query-input\":{\"@type\":\"PropertyValueSpecification\",\"valueRequired\":true,\"valueName\":\"search_term_string\"}}],\"inLanguage\":\"de\"}]}<\/script>\n<!-- \/ Yoast SEO plugin. -->","yoast_head_json":{"title":"\u00fcber mich - Trial-Versicherung","robots":{"index":"index","follow":"follow","max-snippet":"max-snippet:-1","max-image-preview":"max-image-preview:large","max-video-preview":"max-video-preview:-1"},"canonical":"https:\/\/trialversicherung.de\/index.php\/ueber-mich\/","og_locale":"de_DE","og_type":"article","og_title":"\u00fcber mich - Trial-Versicherung","og_url":"https:\/\/trialversicherung.de\/index.php\/ueber-mich\/","og_site_name":"Trial-Versicherung","article_modified_time":"2025-05-13T21:27:30+00:00","twitter_card":"summary_large_image","twitter_misc":{"Gesch\u00e4tzte Lesezeit":"2\u00a0Minuten"},"schema":{"@context":"https:\/\/schema.org","@graph":[{"@type":"WebPage","@id":"https:\/\/trialversicherung.de\/index.php\/ueber-mich\/","url":"https:\/\/trialversicherung.de\/index.php\/ueber-mich\/","name":"\u00fcber mich - Trial-Versicherung","isPartOf":{"@id":"https:\/\/trialversicherung.de\/#website"},"datePublished":"2019-10-28T17:31:54+00:00","dateModified":"2025-05-13T21:27:30+00:00","breadcrumb":{"@id":"https:\/\/trialversicherung.de\/index.php\/ueber-mich\/#breadcrumb"},"inLanguage":"de","potentialAction":[{"@type":"ReadAction","target":["https:\/\/trialversicherung.de\/index.php\/ueber-mich\/"]}]},{"@type":"BreadcrumbList","@id":"https:\/\/trialversicherung.de\/index.php\/ueber-mich\/#breadcrumb","itemListElement":[{"@type":"ListItem","position":1,"name":"Startseite","item":"https:\/\/trialversicherung.de\/"},{"@type":"ListItem","position":2,"name":"\u00fcber mich"}]},{"@type":"WebSite","@id":"https:\/\/trialversicherung.de\/#website","url":"https:\/\/trialversicherung.de\/","name":"Trial-Versicherung","description":"Der Versicherungs-Partner f\u00fcr Unfall und Diebstahl im Motorsport","potentialAction":[{"@type":"SearchAction","target":{"@type":"EntryPoint","urlTemplate":"https:\/\/trialversicherung.de\/?s={search_term_string}"},"query-input":{"@type":"PropertyValueSpecification","valueRequired":true,"valueName":"search_term_string"}}],"inLanguage":"de"}]}},"_links":{"self":[{"href":"https:\/\/trialversicherung.de\/index.php\/wp-json\/wp\/v2\/pages\/42","targetHints":{"allow":["GET"]}}],"collection":[{"href":"https:\/\/trialversicherung.de\/index.php\/wp-json\/wp\/v2\/pages"}],"about":[{"href":"https:\/\/trialversicherung.de\/index.php\/wp-json\/wp\/v2\/types\/page"}],"author":[{"embeddable":true,"href":"https:\/\/trialversicherung.de\/index.php\/wp-json\/wp\/v2\/users\/1"}],"replies":[{"embeddable":true,"href":"https:\/\/trialversicherung.de\/index.php\/wp-json\/wp\/v2\/comments?post=42"}],"version-history":[{"count":16,"href":"https:\/\/trialversicherung.de\/index.php\/wp-json\/wp\/v2\/pages\/42\/revisions"}],"predecessor-version":[{"id":149,"href":"https:\/\/trialversicherung.de\/index.php\/wp-json\/wp\/v2\/pages\/42\/revisions\/149"}],"wp:attachment":[{"href":"https:\/\/trialversicherung.de\/index.php\/wp-json\/wp\/v2\/media?parent=42"}],"curies":[{"name":"wp","href":"https:\/\/api.w.org\/{rel}","templated":true}]}}